{"version":"1.0","provider_name":"Iscletec | Ventanas de madera Barcelona","provider_url":"https:\/\/www.iscletec.com\/blog\/es","author_name":"admin","author_url":"https:\/\/www.iscletec.com\/blog\/es\/author\/admin\/","title":"El proyecto \u201cTO\u201d creado junto a Iscletec - Iscletec | Ventanas de madera Barcelona","type":"rich","width":600,"height":338,"html":"<blockquote class=\"wp-embedded-content\" data-secret=\"z6icTTwQD8\"><a href=\"https:\/\/www.iscletec.com\/blog\/es\/el-projecte-to-creat-juntament-amb-iscletec\/\">El proyecto \u201cTO\u201d creado junto a Iscletec<\/a><\/blockquote><iframe sandbox=\"allow-scripts\" security=\"restricted\" src=\"https:\/\/www.iscletec.com\/blog\/es\/el-projecte-to-creat-juntament-amb-iscletec\/embed\/#?secret=z6icTTwQD8\" width=\"600\" height=\"338\" title=\"\u00abEl proyecto \u201cTO\u201d creado junto a Iscletec\u00bb \u2014 Iscletec | Ventanas de madera Barcelona\" data-secret=\"z6icTTwQD8\" frameborder=\"0\" marginwidth=\"0\" marginheight=\"0\" scrolling=\"no\" class=\"wp-embedded-content\"><\/iframe><script type=\"text\/javascript\">\n\/* <![CDATA[ *\/\n\/*! This file is auto-generated *\/\n!function(d,l){\"use strict\";l.querySelector&&d.addEventListener&&\"undefined\"!=typeof URL&&(d.wp=d.wp||{},d.wp.receiveEmbedMessage||(d.wp.receiveEmbedMessage=function(e){var t=e.data;if((t||t.secret||t.message||t.value)&&!\/[^a-zA-Z0-9]\/.test(t.secret)){for(var s,r,n,a=l.querySelectorAll('iframe[data-secret=\"'+t.secret+'\"]'),o=l.querySelectorAll('blockquote[data-secret=\"'+t.secret+'\"]'),c=new RegExp(\"^https?:$\",\"i\"),i=0;i<o.length;i++)o[i].style.display=\"none\";for(i=0;i<a.length;i++)s=a[i],e.source===s.contentWindow&&(s.removeAttribute(\"style\"),\"height\"===t.message?(1e3<(r=parseInt(t.value,10))?r=1e3:~~r<200&&(r=200),s.height=r):\"link\"===t.message&&(r=new URL(s.getAttribute(\"src\")),n=new URL(t.value),c.test(n.protocol))&&n.host===r.host&&l.activeElement===s&&(d.top.location.href=t.value))}},d.addEventListener(\"message\",d.wp.receiveEmbedMessage,!1),l.addEventListener(\"DOMContentLoaded\",function(){for(var e,t,s=l.querySelectorAll(\"iframe.wp-embedded-content\"),r=0;r<s.length;r++)(t=(e=s[r]).getAttribute(\"data-secret\"))||(t=Math.random().toString(36).substring(2,12),e.src+=\"#?secret=\"+t,e.setAttribute(\"data-secret\",t)),e.contentWindow.postMessage({message:\"ready\",secret:t},\"*\")},!1)))}(window,document);\n\/* ]]> *\/\n<\/script>\n","description":"\u00a0Como hemos ido avanzando, Iscletec participa un a\u00f1o m\u00e1s en el m\u00e1ximo exponente de la construcci\u00f3n sostenible del ma\u00f1ana en un acuerdo con la \u00a0Universidad Polit\u00e9cnica Catalunya. Para ello, est\u00e1 fabricando cerramientos para una nueva vivienda con ventanas Iscletec78 y texturas ALMA, que se presentar\u00e1 en el SOLAR DECATHLON EUROPE 2019 en Hungr\u00eda. El proyecto [&hellip;]","thumbnail_url":"https:\/\/www.iscletec.com\/blog\/wp-content\/uploads\/2019\/05\/solar-decathlon-proyecto-to.jpg","thumbnail_width":1281,"thumbnail_height":721}

Como hemos ido avanzando, Iscletec participa un año más en el máximo exponente de la construcción sostenible del mañana en un acuerdo con la  Universidad Politécnica Catalunya. Para ello, está fabricando cerramientos para una nueva vivienda con ventanas Iscletec78 y texturas ALMA, que se presentará en el SOLAR DECATHLON EUROPE 2019 en Hungría. El proyecto [&hellip;]
