{"version":"1.0","provider_name":"Iscletec | Ventanas de madera Barcelona","provider_url":"https:\/\/www.iscletec.com\/blog\/es","author_name":"admin","author_url":"https:\/\/www.iscletec.com\/blog\/es\/author\/admin\/","title":"PROYECTO ISCLETEC- Rehabilitaci\u00f3n de la casa G - Iscletec | Ventanas de madera Barcelona","type":"rich","width":600,"height":338,"html":"<blockquote class=\"wp-embedded-content\" data-secret=\"b17Lb8oYNH\"><a href=\"https:\/\/www.iscletec.com\/blog\/es\/projecte-iscletec-rehabilitacio-de-la-casa-g\/\">PROYECTO ISCLETEC- Rehabilitaci\u00f3n de la casa G<\/a><\/blockquote><iframe sandbox=\"allow-scripts\" security=\"restricted\" src=\"https:\/\/www.iscletec.com\/blog\/es\/projecte-iscletec-rehabilitacio-de-la-casa-g\/embed\/#?secret=b17Lb8oYNH\" width=\"600\" height=\"338\" title=\"\u00abPROYECTO ISCLETEC- Rehabilitaci\u00f3n de la casa G\u00bb \u2014 Iscletec | Ventanas de madera Barcelona\" data-secret=\"b17Lb8oYNH\" frameborder=\"0\" marginwidth=\"0\" marginheight=\"0\" scrolling=\"no\" class=\"wp-embedded-content\"><\/iframe><script type=\"text\/javascript\">\n\/* <![CDATA[ *\/\n\/*! This file is auto-generated *\/\n!function(d,l){\"use strict\";l.querySelector&&d.addEventListener&&\"undefined\"!=typeof URL&&(d.wp=d.wp||{},d.wp.receiveEmbedMessage||(d.wp.receiveEmbedMessage=function(e){var t=e.data;if((t||t.secret||t.message||t.value)&&!\/[^a-zA-Z0-9]\/.test(t.secret)){for(var s,r,n,a=l.querySelectorAll('iframe[data-secret=\"'+t.secret+'\"]'),o=l.querySelectorAll('blockquote[data-secret=\"'+t.secret+'\"]'),c=new RegExp(\"^https?:$\",\"i\"),i=0;i<o.length;i++)o[i].style.display=\"none\";for(i=0;i<a.length;i++)s=a[i],e.source===s.contentWindow&&(s.removeAttribute(\"style\"),\"height\"===t.message?(1e3<(r=parseInt(t.value,10))?r=1e3:~~r<200&&(r=200),s.height=r):\"link\"===t.message&&(r=new URL(s.getAttribute(\"src\")),n=new URL(t.value),c.test(n.protocol))&&n.host===r.host&&l.activeElement===s&&(d.top.location.href=t.value))}},d.addEventListener(\"message\",d.wp.receiveEmbedMessage,!1),l.addEventListener(\"DOMContentLoaded\",function(){for(var e,t,s=l.querySelectorAll(\"iframe.wp-embedded-content\"),r=0;r<s.length;r++)(t=(e=s[r]).getAttribute(\"data-secret\"))||(t=Math.random().toString(36).substring(2,12),e.src+=\"#?secret=\"+t,e.setAttribute(\"data-secret\",t)),e.contentWindow.postMessage({message:\"ready\",secret:t},\"*\")},!1)))}(window,document);\n\/* ]]> *\/\n<\/script>\n","thumbnail_url":"https:\/\/www.iscletec.com\/blog\/wp-content\/uploads\/2023\/10\/ventanas-de-madera-barcelona-proyecto-vivienda-05.jpg","thumbnail_width":1800,"thumbnail_height":1200,"description":"Arquitectura, respetuosa y sostenible Os presentamos la rehabilitaci\u00f3n de la casa G\u00a0dirigida por la arquitecta Maria Pujol Un proyecto cuyo objetivo ha sido preservar la esencia original del apartamento dise\u00f1ado por los arquitectos Oscar Tusquets y Llu\u00eds Clotet, utilizando materiales naturales, sencillos pero nobles, como las baldosas de los ba\u00f1os y el pavimento con cer\u00e1mica [&hellip;]"}

PROYECTO ISCLETEC- Rehabilitación de la casa G - Iscletec | Ventanas de madera Barcelona

<blockquote class="wp-embedded-content" data-secret="b17Lb8oYNH"><a href="https://www.iscletec.com/blog/es/projecte-iscletec-rehabilitacio-de-la-casa-g/">PROYECTO ISCLETEC- Rehabilitación de la casa G</a></blockquote><iframe sandbox="allow-scripts" security="restricted" src="https://www.iscletec.com/blog/es/projecte-iscletec-rehabilitacio-de-la-casa-g/embed/#?secret=b17Lb8oYNH" width="600" height="338" title="«PROYECTO ISCLETEC- Rehabilitación de la casa G» — Iscletec | Ventanas de madera Barcelona" data-secret="b17Lb8oYNH" frameborder="0" marginwidth="0" marginheight="0" scrolling="no" class="wp-embedded-content"></iframe><script type="text/javascript">
/* <![CDATA[ */
/*! This file is auto-generated */
!function(d,l){"use strict";l.querySelector&&d.addEventListener&&"undefined"!=typeof URL&&(d.wp=d.wp||{},d.wp.receiveEmbedMessage||(d.wp.receiveEmbedMessage=function(e){var t=e.data;if((t||t.secret||t.message||t.value)&&!/[^a-zA-Z0-9]/.test(t.secret)){for(var s,r,n,a=l.querySelectorAll('iframe[data-secret="'+t.secret+'"]'),o=l.querySelectorAll('blockquote[data-secret="'+t.secret+'"]'),c=new RegExp("^https?:$","i"),i=0;i<o.length;i++)o[i].style.display="none";for(i=0;i<a.length;i++)s=a[i],e.source===s.contentWindow&&(s.removeAttribute("style"),"height"===t.message?(1e3<(r=parseInt(t.value,10))?r=1e3:~~r<200&&(r=200),s.height=r):"link"===t.message&&(r=new URL(s.getAttribute("src")),n=new URL(t.value),c.test(n.protocol))&&n.host===r.host&&l.activeElement===s&&(d.top.location.href=t.value))}},d.addEventListener("message",d.wp.receiveEmbedMessage,!1),l.addEventListener("DOMContentLoaded",function(){for(var e,t,s=l.querySelectorAll("iframe.wp-embedded-content"),r=0;r<s.length;r++)(t=(e=s[r]).getAttribute("data-secret"))||(t=Math.random().toString(36).substring(2,12),e.src+="#?secret="+t,e.setAttribute("data-secret",t)),e.contentWindow.postMessage({message:"ready",secret:t},"*")},!1)))}(window,document);
/* ]]> */
</script>

Arquitectura, respetuosa y sostenible Os presentamos la rehabilitación de la casa G dirigida por la arquitecta Maria Pujol Un proyecto cuyo objetivo ha sido preservar la esencia original del apartamento diseñado por los arquitectos Oscar Tusquets y Lluís Clotet, utilizando materiales naturales, sencillos pero nobles, como las baldosas de los baños y el pavimento con cerámica [&hellip;]
